e
Is 1406 a multiple of 38?
True
Is 1480 a multiple of 34?
False
Is 14320 a multiple of 8?
True
Does 207 divide 18009?
True
Is 55352 a multiple of 22?
True
Does 10 divide 4550?
True
Is 392 a multiple of 37?
False
Is 45 a factor of 84735?
True
Is 15 a factor of 255?
True
Is 13 a factor of 39?
True
Does 8 divide 23544?
True
Does 2 divide 16?
True
Is 35328 a multiple of 329?
False
Is 72016 a multiple of 112?
True
Is 57 a factor of 3990?
True
Does 6 divide 288?
True
Does 63 divide 23184?
True
Is 4350 a multiple of 25?
True
Does 17 divide 833?
True
Does 4 divide 3600?
True
Is 3595 a multiple of 3?
False
Is 2 a factor of 304?
True
Does 5 divide 38071?
False
Does 21 divide 9086?
False
Does 33 divide 726?
True
Is 500 a multiple of 20?
True
Is 2550 a multiple of 34?
True
Does 11 divide 1396?
False
Is 12 a factor of 1332?
True
Is 10278 a multiple of 9?
True
Is 14249 a multiple of 43?
False
Does 19 divide 152?
True
Is 3655 a multiple of 17?
True
Is 154 a multiple of 14?
True
Does 11 divide 20625?
True
Does 9 divide 31383?
True
Does 52 divide 22628?
False
Does 19 divide 8981?
False
Is 5 a factor of 4860?
True
Is 92 a factor of 118496?
True
Does 19 divide 266?
True
Is 29575 a multiple of 66?
False
Is 10 a factor of 440?
True
Does 76 divide 123576?
True
Is 26 a factor of 22312?
False
Does 4 divide 908?
True
Does 29 divide 23835?
False
Is 72786 a multiple of 10?
False
Is 15 a factor of 135?
True
Is 1881 a multiple of 33?
True
Does 150 divide 1248?
False
Is 12 a factor of 230?
False
Is 26 a factor of 13884?
True
Is 11 a factor of 3115?
False
Is 6 a factor of 3039?
False
Does 4 divide 147?
False
Is 699 a multiple of 5?
False
Does 3 divide 400?
False
Is 153 even?
False
Does 30 divide 62799?
False
Is 9 a factor of 1839?
False
Is 3729 a multiple of 114?
False
Does 31 divide 3477?
False
Is 15 a factor of 136?
False
Does 51 divide 510?
True
Is 71 a factor of 17423?
False
Does 65 divide 1040?
True
Is 20 a factor of 167?
False
Is 54 a factor of 432?
True
Is 9 a factor of 1341?
True
Is 492 a multiple of 41?
True
Is 26 a factor of 1430?
True
Is 66690 a multiple of 13?
True
Is 3394 a multiple of 81?
False
Is 29 a factor of 4179?
False
Is 11 a factor of 4323?
True
Is 6270 a multiple of 38?
True
Is 58 a factor of 544?
False
Is 369 a multiple of 3?
True
Is 2 a factor of 37?
False
Is 179 a multiple of 3?
False
Is 826 a multiple of 14?
True
Is 13 a factor of 4930?
False
Does 40 divide 887?
False
Does 86 divide 16082?
True
Does 105 divide 945?
True
Is 243 a factor of 10427?
False
Does 15 divide 525?
True
Is 98 a factor of 28158?
False
Is 442 a multiple of 4?
False
Is 29670 a multiple of 132?
False
Does 3 divide 521?
False
Is 62 a factor of 46858?
False
Does 74 divide 1258?
True
Is 13152 a multiple of 312?
False
Does 11 divide 220?
True
Does 7 divide 116753?
True
Is 12 a factor of 191?
False
Does 13 divide 11700?
True
Is 28 a factor of 198128?
True
Is 612 a multiple of 31?
False
Is 2437 a multiple of 70?
False
Is 216 a multiple of 54?
True
Does 7 divide 5074?
False
Is 13 a factor of 8606?
True
Does 9 divide 378?
True
Is 28 a factor of 14672?
True
Is 48 a factor of 2177?
False
Does 2 divide 380?
True
Is 26802 a multiple of 46?
False
Is 32 a factor of 9216?
True
Does 49 divide 55?
False
Is 867 a multiple of 51?
True
Is 101 a factor of 3400?
False
Is 13 a factor of 4940?
True
Does 5 divide 232?
False
Does 2 divide 840?
True
Does 17 divide 68394?
False
Does 28 divide 20720?
True
Does 45 divide 7920?
True
Is 8 a factor of 520?
True
Is 302 a multiple of 6?
False
Is 2 a factor of 1237?
False
Does 15 divide 370?
False
Is 75 a factor of 3600?
True
Does 7 divide 826?
True
Is 117 a factor of 3276?
True
Is 18 a factor of 1957?
False
Is 30503 a multiple of 121?
False
Is 4 a factor of 21144?
True
Is 627 a multiple of 3?
True
Is 25 a factor of 365?
False
Is 41 a factor of 240?
False
Is 235 a multiple of 47?
True
Is 78 a factor of 230?
False
Is 76 a factor of 1730?
False
Is 1023 a multiple of 31?
True
Is 57598 a multiple of 19?
False
Is 1350 a multiple of 3?
True
Does 121 divide 18634?
True
Is 11 a multiple of 2?
False
Is 12104 a multiple of 17?
True
Is 11 a factor of 593?
False
Is 13100 a multiple of 6?
False
Is 28187 a multiple of 5?
False
Is 3 a factor of 126?
True
Is 624 a multiple of 4?
True
Does 60 divide 4443?
False
Is 328 a multiple of 82?
True
Is 34 a factor of 21377?
False
Does 78 divide 2138?
False
Does 21 divide 101?
False
Does 19 divide 1679?
False
Is 730 a multiple of 57?
False
Does 23 divide 69?
True
Is 5063 a multiple of 25?
False
Does 22 divide 2310?
True
Is 41 a factor of 2076?
False
Is 82 a factor of 1846?
False
Is 5976 a multiple of 9?
True
Is 64 a factor of 5824?
True
Is 24614 a multiple of 7?
False
Is 45 a factor of 2637?
False
Is 28 a factor of 131793?
False
Does 11 divide 37158?
True
Does 17 divide 10380?
False
Is 9 a factor of 10176?
False
Is 162812 a multiple of 13?
True
Does 21 divide 1531?
False
Does 4 divide 846?
False
Is 12 a factor of 8568?
True
Is 10 a factor of 3440?
True
Is 20 a factor of 545?
False
Is 100 a factor of 66252?
False
Is 150 a multiple of 8?
False
Is 26 a factor of 22594?
True
Does 7 divide 539?
True
Is 3 a factor of 25365?
True
Does 13 divide 7735?
True
Is 80 a factor of 6400?
True
Does 72 divide 1368?
True
Is 79867 a multiple of 166?
False
Does 14 divide 31150?
True
Is 92 a factor of 5704?
True
Is 6486 a multiple of 46?
True
Does 86 divide 11610?
True
Is 1875 a multiple of 60?
False
Does 42 divide 8097?
False
Does 19 divide 1786?
True
Is 26 a factor of 598?
True
Is 3007 a multiple of 31?
True
Does 13 divide 2177?
False
Does 21 divide 9201?
False
Is 34 a factor of 7425?
False
Is 688 a multiple of 22?
False
Is 180 a factor of 37922?
False
Is 44 a factor of 1320?
True
Is 96 a multiple of 32?
True
Is 1540 a multiple of 14?
True
Does 35 divide 384?
False
Does 90 divide 3994?
False
Is 48 a factor of 768?
True
Does 26 divide 14820?
True
Is 5 a factor of 471?
False
Is 3 a factor of 488?
False
Is 70 a factor of 36381?
False
Is 1530 a multiple of 17?
True
Is 1980 a multiple of 15?
True
Is 8110 a multiple of 33?
False
Does 11 divide 495?
True
Is 14265 a multiple of 21?
False
Does 14 divide 2196?
False
Is 1368 a multiple of 36?
True
Is 1609 a multiple of 10?
False
Is 33 a factor of 2281?
False
Is 43 a factor of 75167?
False
Is 99 a factor of 97317?
True
Is 31 a factor of 414?
False
Is 18 a factor of 15968?
False
Is 12068 a multiple of 28?
True
Does 8 divide 60?
False
Does 3 divide 88?
False
Is 2520 a multiple of 9?
True
Is 18 a factor of 130300?
False
Is 43896 a multiple of 46?
False
Is 15 a factor of 645?
True
Does 9 divide 1640?
False
Is 364 a factor of 26849?
False
Does 11 divide 10020?
False
Is 2 a factor of 560?
True
Is 147 a factor of 9148?
False
Is 51 a factor of 71?
False
Is 1261 a multiple of 15?
False
Is 3772 a multiple of 41?
True
Is 548 a multiple of 29?
False
Is 19 a factor of 532?
True
Is 5 a factor of 6982?
False
Is 3368 a multiple of 11?
False
Does 18 divide 1861?
False
Does 57 divide 3762?
True
Is 13 a factor of 379?
False
Is 13 a factor of 1129?
False
Does 12 divide 1056?
True
Is 8 a factor of 21007?
False
Is 68 a factor of 362?
False
Is 2211 a multiple of 15?
False
Is 1435 a multiple of 39?
False
Is 13688 a multiple of 118?
True
Is 177 a factor of 7080?
True
Does 5 divide 7698?
False
Is 11 a factor of 709?
False
Is 10 a factor of 4180?
True
Is 6 a factor of 1180?
False
Is 10 a factor of 1846?
False
Is 1122 even?
True
Is 27 a factor of 11826?
True
Does 64 divide 2333?
False
Does 32 divide 2688?
True
Is 166 a multiple of 64?
False
Does 11 divide 43039?
False
Is 741 a multiple of 38?
False
Is 33 a multiple of 11?
True
Does 29 divide 3814?
False
Does 14 divide 2268?
True
Is 96933 a multiple of 157?
False
Does 26 divide 1438?
False
Is 11030 a multiple of 25?
False
Does 18 divide 2232?
True
Does 84 divide 447?
False
Is 7 a factor of 1652?
True
Is 9462 a multiple of 166?
True
Is 25 a factor of 1550?
True
Is 36820 a multiple of 68?
False
Is 130 a factor of 1860?
False
Does 8 divide 1901?
False
Is 1037 a multiple of 72?
False
Is 32 a factor of 9088?
True
Is 13 a factor of 130?
True
Is 1221 a multiple of 37?
True
Is 31 a factor of 2468?
False
Is 18 a factor of 1386?
True
Does 19 divide 42049?
False
Is 6669 a multiple of 13?
True
Does 54 divid